?
1
What is the hundreds digit of 862677?
6
What is the hundreds digit of 23337?
3
What is the hundreds digit of 118132?
1
What is the hundreds digit of 1030333?
3
What is the hundred thousands digit of 1825563?
8
What is the tens digit of 591018?
1
What is the units digit of 15092?
2
What is the hundreds digit of 2545391?
3
What is the thousands digit of 253165?
3
What is the hundred thousands digit of 12810391?
8
What is the thousands digit of 47401?
7
What is the ten thousands digit of 14422459?
2
What is the hundred thousands digit of 369323?
3
What is the tens digit of 98031?
3
What is the ten millions digit of 35734859?
3
What is the thousands digit of 456590?
6
What is the millions digit of 1187612?
1
What is the ten thousands digit of 126659?
2
What is the tens digit of 3793259?
5
What is the units digit of 201377?
7
What is the hundred thousands digit of 1076755?
0
What is the hundreds digit of 222552?
5
What is the hundreds digit of 333290?
2
What is the units digit of 913371?
1
What is the tens digit of 410004?
0
What is the hundreds digit of 539120?
1
What is the hundreds digit of 1128099?
0
What is the hundred thousands digit of 414768?
4
What is the units digit of 10256201?
1
What is the ten thousands digit of 3092305?
9
What is the thousands digit of 241981?
1
What is the hundreds digit of 79217?
2
What is the tens digit of 15288713?
1
What is the ten thousands digit of 347435?
4
What is the ten thousands digit of 1738405?
3
What is the units digit of 885741?
1
What is the millions digit of 1510357?
1
What is the hundreds digit of 566471?
4
What is the ten thousands digit of 343861?
4
What is the units digit of 180895?
5
What is the hundreds digit of 3403110?
1
What is the tens digit of 1826094?
9
What is the millions digit of 11349504?
1
What is the thousands digit of 3974356?
4
What is the thousands digit of 81110?
1
What is the ten thousands digit of 22361191?
6
What is the thousands digit of 1374277?
4
What is the units digit of 600182?
2
What is the ten thousands digit of 224736?
2
What is the tens digit of 25531892?
9
What is the units digit of 1024340?
0
What is the thousands digit of 190036?
0
What is the hundreds digit of 78358?
3
What is the units digit of 1091821?
1
What is the tens digit of 174193?
9
What is the thousands digit of 5157435?
7
What is the ten thousands digit of 780747?
8
What is the hundreds digit of 4807131?
1
What is the hundreds digit of 460739?
7
What is the hundred thousands digit of 19477376?
4
What is the units digit of 6577513?
3
What is the thousands digit of 1969793?
9
What is the hundred thousands digit of 4651846?
6
What is the hundred thousands digit of 3375591?
3
What is the hundred thousands digit of 1146459?
1
What is the ten thousands digit of 103884?
0
What is the hundred thousands digit of 135985?
1
What is the units digit of 575789?
9
What is the hundred thousands digit of 10560935?
5
What is the thousands digit of 2180117?
0
What is the units digit of 37976?
6
What is the thousands digit of 457616?
7
What is the ten thousands digit of 24284466?
8
What is the hundred thousands digit of 2520755?
5
What is the ten thousands digit of 1130319?
3
What is the hundred thousands digit of 1189900?
1
What is the thousands digit of 2791309?
1
What is the hundreds digit of 64256?
2
What is the tens digit of 2346212?
1
What is the millions digit of 5114559?
5
What is the tens digit of 247834?
3
What is the hundreds digit of 11766509?
5
What is the millions digit of 3451396?
3
What is the hundreds digit of 26389?
3
What is the units digit of 227350?
0
What is the thousands digit of 19262235?
2
What is the tens digit of 17201785?
8
What is the units digit of 80484?
4
What is the hundreds digit of 641047?
0
What is the ten thousands digit of 144584?
4
What is the units digit of 12622541?
1
What is the hundred thousands digit of 521640?
5
What is the ten thousands digit of 143255?
4
What is the hundreds digit of 1604245?
2
What is the hundred thousands digit of 10464852?
4
What is the thousands digit of 655101?
5
What is the hundreds digit of 16207561?
5
What is the hundreds digit of 130183?
1
What is the tens digit of 764878?
7
What is the hundred thousands digit of 377081?
3
What is the ten thousands digit of 275598?
7
What is the units digit of 50145?
5
What is the hundreds digit of 988908?
9
What is the thousands digit of 329773?
9
What is the units digit of 1050671?
1
What is the tens digit of 3332444?
4
What is the tens digit of 85714?
1
What is the hundreds digit of 754469?
4
What is the thousands digit of 3706691?
6
What is the ten thousands digit of 809772?
0
What is the tens digit of 1277893?
9
What is the millions digit of 4938080?
4
What is the tens digit of 13792566?
6
What is the ten millions digit of 19452487?
1
What is the hundred thousands digit of 2956157?
9
What is the ten thousands digit of 6504017?
0
What is the hundred thousands digit of 770074?
7
What is the tens digit of 73125?
2
What is the units digit of 1019147?
7
What is the thousands digit of 664450?
4
What is the tens digit of 595704?
0
What is the units digit of 3910435?
5
What is the tens digit of 9701964?
6
What is the tens digit of 635688?
8
What is the hundreds digit of 530561?
5
What is the tens digit of 1478916?
1
What is the units digit of 2959928?
8
What is the tens digit of 5768717?
1
What is the hundreds digit of 8557745?
7
What is the tens digit of 575765?
6
What is the hundreds digit of 34846534?
5
What is the ten thousands digit of 556636?
5
What is the hundreds digit of 1203678?
6
What is the hundreds digit of 13763196?
1
What is the tens digit of 7325634?
3
What is the ten thousands digit of 8751434?
5
What is the units digit of 359108?
8
What is the hundreds digit of 529483?
4
What is the hundreds digit of 5700421?
4
What is the units digit of 1382225?
5
What is the hundreds digit of 1162698?
6
What is the millions digit of 1219973?
1
What is the tens digit of 696190?
9
What is the thousands digit of 2577708?
7
What is the thousands digit of 233803?
3
What is the hundred thousands digit of 4484266?
4
What is the hundreds digit of 148918?
9
What is the hundreds digit of 593533?
5
What is the units digit of 248202?
2
What is the hundred thousands digit of 253143?
2
What is the thousands digit of 476711?
6
What is the ten thousands digit of 3852723?
5
What is the thousands digit of 335542?
5
What is the hundreds digit of 2064690?
6
What is the hundred thousands digit of 2356960?
3
What is the ten thousands digit of 830569?
3
What is the hundreds digit of 44337?
3
What is the thousands digit of 1642197?
2
What is the millions digit of 5675853?
5
What is the units digit of 299194?
4
What is the units digit of 744913?
3
What is the ten millions digit of 22532650?
2
What is the tens digit of 1038586?
8
What is the hundreds digit of 29982173?
1
What is the units digit of 5405739?
9
What is the units digit of 5888171?
1
What is the units digit of 14578292?
2
What is the hundreds digit of 4775?
7
What is the tens digit of 596596?
9
What is the units digit of 2779193?
3
What is the hundred thousands digit of 251490?
2
What is the thousands digit of 1929309?
9
What is the units digit of 2079307?
7
What is the hundred thousands digit of 19376075?
3
What is the hundreds digit of 1154383?
3
What is the units digit of 279690?
0
What is the units digit of 634475?
5
What is the hundreds digit of 22743001?
0
What is the hundred thousands digit of 1419675?
4
What is the hundreds digit of 2814824?
8
What is the tens digit of 59821?
2
What is the hundred thousands digit of 8081379?
0
What is the hundred thousands digit of 1138434?
1
What is the millions digit of 1252740?
1
What is the ten thousands digit of 29356?
2
What is the units digit of 2235121?
1
What is the ten thousands digit of 10450558?
5
What is the hundred thousands digit of 830055?
8
What is the thousands digit of 1861110?
1
What is the thousands digit of 365348?
5
What is the ten millions digit of 25881574?
2
What is the tens digit of 6551?
5
What is the hundred thousands digit of 652363?
6
What is the ten thousands digit of 103073?
0
What is the tens digit of 58244?
4
What is the millions digit of 1005122?
1
What is the hundreds digit of 2825314?
3
What 